{"id":426,"date":"2023-03-27T10:20:41","date_gmt":"2023-03-27T10:20:41","guid":{"rendered":"https:\/\/oltrepoacasatua.it\/?page_id=426"},"modified":"2023-03-27T10:21:42","modified_gmt":"2023-03-27T10:21:42","slug":"oltrepoacasatua-porta-a-casa-tua-i-prodotti-delloltrepo-pavese","status":"publish","type":"page","link":"https:\/\/oltrepoacasatua.it\/index.php\/oltrepoacasatua-porta-a-casa-tua-i-prodotti-delloltrepo-pavese\/","title":{"rendered":"Oltrepoacasatua &#8211; Conferma Iscrizione"},"content":{"rendered":"<div id=\"fb-root\"><\/div>\n<p>[vc_row][vc_column]\n\t\t\t<!-- START Slider 2 REVOLUTION SLIDER 6.2.1 --><p class=\"rs-p-wp-fix\"><\/p>\n\t\t\t<rs-module-wrap id=\"rev_slider_2_1_wrapper\" data-source=\"gallery\" style=\"background:transparent;padding:0;margin:0px auto;margin-top:0;margin-bottom:0;\">\n\t\t\t\t<rs-module id=\"rev_slider_2_1\" style=\"display:none;\" data-version=\"6.2.1\">\n\t\t\t\t\t<rs-slides>\n\t\t\t\t\t\t<rs-slide data-key=\"rs-3\" data-title=\"Slide\" data-anim=\"ei:d;eo:d;s:1000;r:0;t:fade;sl:0;\">\n\t\t\t\t\t\t\t<img src=\"https:\/\/i0.wp.com\/oltrepoacasatua.it\/wp-content\/uploads\/2020\/12\/4.jpg?resize=840%2C245\" width=\"840\" height=\"245\" class=\"rev-slidebg\" data-no-retina data-recalc-dims=\"1\">\n<!--\n\t\t\t\t\t\t\t--><rs-layer\n\t\t\t\t\t\t\t\tid=\"slider-2-slide-3-layer-11\" \n\t\t\t\t\t\t\t\tdata-type=\"text\"\n\t\t\t\t\t\t\t\tdata-color=\"#ffffff\"\n\t\t\t\t\t\t\t\tdata-rsp_ch=\"on\"\n\t\t\t\t\t\t\t\tdata-xy=\"x:35px;y:116px;\"\n\t\t\t\t\t\t\t\tdata-text=\"w:normal;s:40;l:67;a:center;\"\n\t\t\t\t\t\t\t\tdata-dim=\"w:1141px;\"\n\t\t\t\t\t\t\t\tdata-frame_999=\"o:0;st:w;\"\n\t\t\t\t\t\t\t\tstyle=\"z-index:6;font-family:Playfair Display;\"\n\t\t\t\t\t\t\t>Oltrepoacasatua... direttamente dal produttore al consumatore \n\t\t\t\t\t\t\t<\/rs-layer><!--\n-->\t\t\t\t\t\t<\/rs-slide>\n\t\t\t\t\t\t<rs-slide data-key=\"rs-4\" data-title=\"Slide\" data-anim=\"ei:d;eo:d;s:1000;r:0;t:fade;sl:0;\">\n\t\t\t\t\t\t\t<img src=\"https:\/\/i0.wp.com\/oltrepoacasatua.it\/wp-content\/uploads\/2020\/12\/5.jpg?resize=840%2C245\" width=\"840\" height=\"245\" class=\"rev-slidebg\" data-no-retina data-recalc-dims=\"1\">\n<!--\n\t\t\t\t\t\t\t--><rs-layer\n\t\t\t\t\t\t\t\tid=\"slider-2-slide-4-layer-12\" \n\t\t\t\t\t\t\t\tdata-type=\"text\"\n\t\t\t\t\t\t\t\tdata-color=\"#ffffff\"\n\t\t\t\t\t\t\t\tdata-rsp_ch=\"on\"\n\t\t\t\t\t\t\t\tdata-xy=\"x:35px;y:116px;\"\n\t\t\t\t\t\t\t\tdata-text=\"w:normal;s:40;l:67;a:center;\"\n\t\t\t\t\t\t\t\tdata-dim=\"w:1141px;\"\n\t\t\t\t\t\t\t\tdata-frame_999=\"o:0;st:w;\"\n\t\t\t\t\t\t\t\tstyle=\"z-index:6;font-family:Playfair Display;\"\n\t\t\t\t\t\t\t>Oltrepoacasatua... direttamente dal produttore al consumatore \n\t\t\t\t\t\t\t<\/rs-layer><!--\n-->\t\t\t\t\t\t<\/rs-slide>\n\t\t\t\t\t\t<rs-slide data-key=\"rs-5\" data-title=\"Slide\" data-anim=\"ei:d;eo:d;s:1000;r:0;t:fade;sl:0;\">\n\t\t\t\t\t\t\t<img src=\"https:\/\/i0.wp.com\/oltrepoacasatua.it\/wp-content\/uploads\/2020\/12\/2.jpg?resize=840%2C245\" width=\"840\" height=\"245\" class=\"rev-slidebg\" data-no-retina data-recalc-dims=\"1\">\n<!--\n\t\t\t\t\t\t\t--><rs-layer\n\t\t\t\t\t\t\t\tid=\"slider-2-slide-5-layer-6\" \n\t\t\t\t\t\t\t\tdata-type=\"text\"\n\t\t\t\t\t\t\t\tdata-color=\"#ffffff\"\n\t\t\t\t\t\t\t\tdata-rsp_ch=\"on\"\n\t\t\t\t\t\t\t\tdata-xy=\"x:598px;y:260px;\"\n\t\t\t\t\t\t\t\tdata-text=\"w:nowrap;l:67;\"\n\t\t\t\t\t\t\t\tdata-frame_999=\"o:0;st:w;\"\n\t\t\t\t\t\t\t\tstyle=\"z-index:6;font-family:Playfair Display;\"\n\t\t\t\t\t\t\t> \n\t\t\t\t\t\t\t<\/rs-layer><!--\n\n\t\t\t\t\t\t\t--><rs-layer\n\t\t\t\t\t\t\t\tid=\"slider-2-slide-5-layer-13\" \n\t\t\t\t\t\t\t\tdata-type=\"text\"\n\t\t\t\t\t\t\t\tdata-color=\"#ffffff\"\n\t\t\t\t\t\t\t\tdata-rsp_ch=\"on\"\n\t\t\t\t\t\t\t\tdata-xy=\"x:35px;y:116px;\"\n\t\t\t\t\t\t\t\tdata-text=\"w:normal;s:40;l:67;a:center;\"\n\t\t\t\t\t\t\t\tdata-dim=\"w:1141px;\"\n\t\t\t\t\t\t\t\tdata-frame_999=\"o:0;st:w;\"\n\t\t\t\t\t\t\t\tstyle=\"z-index:6;font-family:Playfair Display;\"\n\t\t\t\t\t\t\t>Oltrepoacasatua... direttamente dal produttore al consumatore \n\t\t\t\t\t\t\t<\/rs-layer><!--\n-->\t\t\t\t\t\t<\/rs-slide>\n\t\t\t\t\t\t<rs-slide data-key=\"rs-6\" data-title=\"Slide\" data-anim=\"ei:d;eo:d;s:200ms;r:0;t:fade;sl:0;\">\n\t\t\t\t\t\t\t<img src=\"https:\/\/i0.wp.com\/oltrepoacasatua.it\/wp-content\/uploads\/2020\/12\/3.jpg?resize=840%2C245\" width=\"840\" height=\"245\" class=\"rev-slidebg\" data-no-retina data-recalc-dims=\"1\">\n<!--\n\t\t\t\t\t\t\t--><rs-layer\n\t\t\t\t\t\t\t\tid=\"slider-2-slide-6-layer-10\" \n\t\t\t\t\t\t\t\tdata-type=\"text\"\n\t\t\t\t\t\t\t\tdata-color=\"#ffffff\"\n\t\t\t\t\t\t\t\tdata-rsp_ch=\"on\"\n\t\t\t\t\t\t\t\tdata-xy=\"x:35px;y:116px;\"\n\t\t\t\t\t\t\t\tdata-text=\"w:normal;s:40;l:67;a:center;\"\n\t\t\t\t\t\t\t\tdata-dim=\"w:1141px;\"\n\t\t\t\t\t\t\t\tdata-frame_999=\"o:0;st:w;\"\n\t\t\t\t\t\t\t\tstyle=\"z-index:6;font-family:Playfair Display;\"\n\t\t\t\t\t\t\t>Oltrepoacasatua... direttamente dal produttore al consumatore \n\t\t\t\t\t\t\t<\/rs-layer><!--\n-->\t\t\t\t\t\t<\/rs-slide>\n\t\t\t\t\t<\/rs-slides>\n\t\t\t\t\t<rs-progress class=\"rs-bottom\" style=\"visibility: hidden !important;\"><\/rs-progress>\n\t\t\t\t<\/rs-module>\n\t\t\t\t<script type=\"text\/javascript\">\n\t\t\t\t\tsetREVStartSize({c: 'rev_slider_2_1',rl:[1240,1024,778,480],el:[350],gw:[1200],gh:[350],type:'standard',justify:'',layout:'fullwidth',mh:\"0\"});\n\t\t\t\t\tvar\trevapi2,\n\t\t\t\t\t\ttpj;\n\t\t\t\t\tjQuery(function() {\n\t\t\t\t\t\ttpj = jQuery;\n\t\t\t\t\t\tif(tpj(\"#rev_slider_2_1\").revolution == undefined){\n\t\t\t\t\t\t\trevslider_showDoubleJqueryError(\"#rev_slider_2_1\");\n\t\t\t\t\t\t}else{\n\t\t\t\t\t\t\trevapi2 = tpj(\"#rev_slider_2_1\").show().revolution({\n\t\t\t\t\t\t\t\tjsFileLocation:\"\/\/oltrepoacasatua.it\/wp-content\/plugins\/revslider\/public\/assets\/js\/\",\n\t\t\t\t\t\t\t\tsliderLayout:\"fullwidth\",\n\t\t\t\t\t\t\t\tvisibilityLevels:\"1240,1024,778,480\",\n\t\t\t\t\t\t\t\tgridwidth:1200,\n\t\t\t\t\t\t\t\tgridheight:350,\n\t\t\t\t\t\t\t\tspinner:\"spinner0\",\n\t\t\t\t\t\t\t\teditorheight:\"350,768,960,720\",\n\t\t\t\t\t\t\t\tresponsiveLevels:\"1240,1024,778,480\",\n\t\t\t\t\t\t\t\tdisableProgressBar:\"on\",\n\t\t\t\t\t\t\t\tnavigation: {\n\t\t\t\t\t\t\t\t\tonHoverStop:false\n\t\t\t\t\t\t\t\t},\n\t\t\t\t\t\t\t\tfallbacks: {\n\t\t\t\t\t\t\t\t\tallowHTML5AutoPlayOnAndroid:true\n\t\t\t\t\t\t\t\t},\n\t\t\t\t\t\t\t});\n\t\t\t\t\t\t}\n\t\t\t\t\t\t\n\t\t\t\t\t});\n\t\t\t\t<\/script>\n\t\t\t<\/rs-module-wrap>\n\t\t\t<!-- END REVOLUTION SLIDER -->\n[\/vc_column][\/vc_row][vc_row][vc_column][vc_custom_heading text=&#8221;Benvenuto sull&#8217;E-Shop Oltrepoacasatua&#8221; font_container=&#8221;tag:h2|text_align:center&#8221; use_theme_fonts=&#8221;yes&#8221;][vc_custom_heading text=&#8221;Scegli al vetrina ed inizia i tuoi acquisti&#8230;&#8221; font_container=&#8221;tag:h3|text_align:center&#8221; use_theme_fonts=&#8221;yes&#8221;][vc_custom_heading text=&#8221;<b>Grazie, la tua richiesta di iscrizione ha avuto successo! Il codice coupon sconto del 10% spendibile su Oltrepoacasatua.it \u00e8 oltrepo2023 &#8211; il coupon \u00e8 valido per tutte le cantine sino al 31.12.2023<\/b>&#8221; font_container=&#8221;tag:h3|text_align:center&#8221; use_theme_fonts=&#8221;yes&#8221;][vc_row_inner][vc_column_inner width=&#8221;1\/4&#8243;][vc_single_image image=&#8221;414&#8243; img_size=&#8221;full&#8221; alignment=&#8221;center&#8221; onclick=&#8221;custom_link&#8221; img_link_target=&#8221;_blank&#8221; link=&#8221;https:\/\/www.malpaga.it\/negozio\/&#8221;][\/vc_column_inner][vc_column_inner width=&#8221;1\/4&#8243;][vc_single_image image=&#8221;408&#8243; img_size=&#8221;full&#8221; alignment=&#8221;center&#8221; onclick=&#8221;custom_link&#8221; img_link_target=&#8221;_blank&#8221; link=&#8221;https:\/\/bit.ly\/2HGLwVO&#8221;][vc_empty_space height=&#8221;10px&#8221;][\/vc_column_inner][vc_column_inner width=&#8221;1\/4&#8243;][vc_single_image image=&#8221;330&#8243; img_size=&#8221;full&#8221; add_caption=&#8221;yes&#8221; alignment=&#8221;center&#8221; onclick=&#8221;custom_link&#8221; img_link_target=&#8221;_blank&#8221; link=&#8221;https:\/\/bit.ly\/2JBlnsb&#8221;][vc_empty_space height=&#8221;10px&#8221;][\/vc_column_inner][vc_column_inner width=&#8221;1\/4&#8243;][vc_empty_space height=&#8221;10px&#8221;][vc_single_image image=&#8221;393&#8243; img_size=&#8221;full&#8221; alignment=&#8221;center&#8221; onclick=&#8221;custom_link&#8221; img_link_target=&#8221;_blank&#8221; link=&#8221;https:\/\/bit.ly\/37B7FPg&#8221;][\/vc_column_inner][\/vc_row_inner][vc_row_inner][vc_column_inner width=&#8221;1\/4&#8243;][vc_single_image image=&#8221;201&#8243; img_size=&#8221;full&#8221; add_caption=&#8221;yes&#8221; alignment=&#8221;center&#8221; onclick=&#8221;custom_link&#8221; img_link_target=&#8221;_blank&#8221; link=&#8221;https:\/\/bit.ly\/37E1Pvz&#8221;][vc_empty_space height=&#8221;10px&#8221;][\/vc_column_inner][vc_column_inner width=&#8221;1\/4&#8243;][vc_single_image image=&#8221;280&#8243; img_size=&#8221;full&#8221; alignment=&#8221;center&#8221; onclick=&#8221;custom_link&#8221; img_link_target=&#8221;_blank&#8221; link=&#8221;https:\/\/bit.ly\/2L9dT0b&#8221;][vc_empty_space height=&#8221;10px&#8221;][\/vc_column_inner][vc_column_inner width=&#8221;1\/4&#8243;][vc_single_image image=&#8221;300&#8243; img_size=&#8221;full&#8221; alignment=&#8221;center&#8221; onclick=&#8221;custom_link&#8221; img_link_target=&#8221;_blank&#8221; link=&#8221;https:\/\/bit.ly\/2L3FqzX&#8221;][vc_empty_space height=&#8221;10px&#8221;][\/vc_column_inner][vc_column_inner width=&#8221;1\/4&#8243;][vc_empty_space height=&#8221;10px&#8221;][vc_single_image image=&#8221;321&#8243; img_size=&#8221;full&#8221; alignment=&#8221;center&#8221; onclick=&#8221;custom_link&#8221; img_link_target=&#8221;_blank&#8221; link=&#8221;https:\/\/bit.ly\/2ZNef1e&#8221;][\/vc_column_inner][\/vc_row_inner][vc_row_inner][vc_column_inner width=&#8221;1\/4&#8243;][vc_single_image image=&#8221;185&#8243; img_size=&#8221;full&#8221; alignment=&#8221;center&#8221; onclick=&#8221;custom_link&#8221; img_link_target=&#8221;_blank&#8221; link=&#8221;https:\/\/bit.ly\/37uthf2&#8243;][vc_empty_space height=&#8221;10px&#8221;][\/vc_column_inner][vc_column_inner width=&#8221;1\/4&#8243;][vc_empty_space height=&#8221;10px&#8221;][vc_single_image image=&#8221;282&#8243; img_size=&#8221;full&#8221; alignment=&#8221;center&#8221; onclick=&#8221;custom_link&#8221; img_link_target=&#8221;_blank&#8221; link=&#8221;https:\/\/bit.ly\/3mBN1ng&#8221;][\/vc_column_inner][vc_column_inner width=&#8221;1\/4&#8243;][vc_empty_space height=&#8221;10px&#8221;][vc_single_image image=&#8221;301&#8243; img_size=&#8221;full&#8221; alignment=&#8221;center&#8221; onclick=&#8221;custom_link&#8221; img_link_target=&#8221;_blank&#8221; link=&#8221;https:\/\/bit.ly\/2IbY1sH&#8221;][\/vc_column_inner][vc_column_inner width=&#8221;1\/4&#8243;][vc_empty_space height=&#8221;10px&#8221;][vc_single_image image=&#8221;249&#8243; img_size=&#8221;full&#8221; alignment=&#8221;center&#8221; onclick=&#8221;custom_link&#8221; img_link_target=&#8221;_blank&#8221; link=&#8221;https:\/\/bit.ly\/36DIMSA&#8221;][\/vc_column_inner][\/vc_row_inner][vc_column_text]<\/p>\n<h5 style=\"text-align: justify;\"><strong>#Oltrepoacasatua<\/strong> \u00e8 un progetto di e-commerce diffuso promosso dal <strong>Portale Oltrep\u00f2 Pavese<\/strong> dedicato alla cantine, e pi\u00f9 in generale a tutte le filiere delle produzioni agricole, che hanno necessit\u00e0 di mantenere un rapporto con i loro clienti privati. Un progetto che potremmo definire \u201c<strong>di territorio<\/strong>\u201d poich\u00e9 cerca di riunire sotto un unico marchio &#8211; <strong>#Oltrepoacasatua<\/strong> \u2013 l&#8217;esigenza delle cantine di attivare un canale vendita online.<\/h5>\n<h5 style=\"text-align: justify;\">La logica di <strong>#Oltrepoacasatua<\/strong> \u00e8 quella di aprire per ogni attivit\u00e0 aziendale una vetrina di e-commerce, una vetrina totalmente indipendente ed autogestita da ogni altra, ma che rientra in un unico progetto di comunicazione per darne una capillare diffusione.<\/h5>\n<p>[\/vc_column_text]<div class=\"martfury-empty-space \"><div class=\"mf_empty_space_lg\"  style=\"height: 30px\"><\/div><div class=\"mf_empty_space_md\"  style=\"height: 30px\"><\/div><div class=\"mf_empty_space_xs\"  style=\"height: 30px\"><\/div><\/div>[vc_images_carousel images=&#8221;395,372,332,323,289,303,255,204,187,163,153,145,146&#8243; img_size=&#8221;full&#8221; onclick=&#8221;custom_link&#8221; custom_links_target=&#8221;_blank&#8221; slides_per_view=&#8221;4&#8243; autoplay=&#8221;yes&#8221; wrap=&#8221;yes&#8221; custom_links=&#8221;#E-8_aHR0cHMlM0ElMkYlMkZjYW50aW5lYmVydGVsZWduaS5vbHRyZXBvYWNhc2F0dWEuaXQlMkZpbmRleC5waHAlMkZwcm9kb3R0byUyRmFsZXhhbmRlcm1hZ252cy1waW5vdC1uZXJvLWJydXQtbWV0b2RvLWNsYXNzaWNvJTJGJTJDaHR0cHMlM0ElMkYlMkZmcmFkZXdpbmUub2x0cmVwb2FjYXNhdHVhLml0JTJGaW5kZXgucGhwJTJGcHJvZG90dG8lMkZiYXJiZXJhLWlndC1wcm92aW5jaWEtcGF2aWElMkYlMkNodHRwcyUzQSUyRiUyRnBpY2NoaXZpbmkub2x0cmVwb2FjYXNhdHVhLml0JTJGaW5kZXgucGhwJTJGcHJvZG90dG8lMkZwaW5vdC1uZXJvLWV4dHJhLWJydXQtbWV0b2RvLWNsYXNzaWNvJTJGJTJDaHR0cHMlM0ElMkYlMkZsZWZyYWNjZS5vbHRyZXBvYWNhc2F0dWEuaXQlMkZpbmRleC5waHAlMkZwcm9kb3R0byUyRmxhbmRvLXJpZXNsaW5nLW9sdHJlcG8tcGF2ZXNlLWRvYy1yaWVzbGluZyUyRiUyQ2h0dHBzJTNBJTJGJTJGY2FzdGVsZGVsbHVwby5vbHRyZXBvYWNhc2F0dWEuaXQlMkZpbmRleC5waHAlMkZwcm9kb3R0byUyRmJvbmFyZGEtbGEtZ2lvaW9zYS1kLW8tcC1vbHRyZXBvLXBhdmVzZSUyRiUyQ2h0dHBzJTNBJTJGJTJGdGVudXRhYm9yZ29sYW5vLm9sdHJlcG9hY2FzYXR1YS5pdCUyRmluZGV4LnBocCUyRnByb2RvdHRvJTJGZGVrYW1lcm9uLWJ1dHRhZnVvY28tb2x0cmVwby1wYXZlc2UtZC1vLWMlMkYlMkNodHRwcyUzQSUyRiUyRmNhdmFsbGluaTE5MTkub2x0cmVwb2FjYXNhdHVhLml0JTJGaW5kZXgucGhwJTJGcHJvZG90dG8lMkZyb25jYWlvbG8tcm9zc28taS1nLXQlMkYlMkNodHRwcyUzQSUyRiUyRmxhY29zdGFpb2xhLm9sdHJlcG9hY2FzYXR1YS5pdCUyRmluZGV4LnBocCUyRnByb2RvdHRvJTJGbm92ZS1icnV0LW1ldG9kby1jbGFzc2ljby1icnV0JTJGJTJDaHR0cHMlM0ElMkYlMkZwZXJjaXZhbGxlLm9sdHJlcG9hY2FzYXR1YS5pdCUyRmluZGV4LnBocCUyRnByb2RvdHRvJTJGcXVhdHRvcmRpY2ltYXJ6byUyRiUyQ2h0dHBzJTNBJTJGJTJGdG9ycmV2aWxsYS5vbHRyZXBvYWNhc2F0dWEuaXQlMkZpbmRleC5waHAlMkZwcm9kb3R0byUyRnBpbm90LW5lcm8tYmlvLWQtby1wJTJGJTJDaHR0cHMlM0ElMkYlMkZpc2ltYmFyZGEub2x0cmVwb2FjYXNhdHVhLml0JTJGaW5kZXgucGhwJTJGcHJvZG90dG8lMkZ2aWduYS1tYXJ0aW5hLXJpZXNsaW5nLW9sdHJlcG8tcGF2ZXNlJTJGJTJDaHR0cHMlM0ElMkYlMkZmaW5pZ2V0by5vbHRyZXBvYWNhc2F0dWEuaXQlMkZpbmRleC5waHAlMkZwcm9kb3R0byUyRmxvLXNwYXZhbmRvLXJpZXNsaW5nLXJlbmFuby1maW5pZ2V0byUyRiUyQ2h0dHBzJTNBJTJGJTJGcHJpbWVhbHR1cmUub2x0cmVwb2FjYXNhdHVhLml0JTJGaW5kZXgucGhwJTJGcHJvZG90dG8lMkZib3Jkby1ib3Njby1waW5vdC1uZXJvJTJGJTJD&#8221; title=&#8221;Abbiamo selezionato per il tuo shopping&#8230;&#8221;][vc_empty_space][vc_message message_box_style=&#8221;outline&#8221;]<strong>Ogni impresa avr\u00e0 la possibilit\u00e0 di gestire in modo totalmente indipendente la vetrina, dall&#8217;inserimento dei prodotti ad eventuali promozioni, dall&#8217;incasso diretto degli ordini all&#8217;organizzazione delle spedizioni &#8211; <a href=\"https:\/\/oltrepoacasatua.it\/index.php\/servizio-aziende\/\">SCOPRI I DETTAGLI DEI SERVIZI<\/a><\/strong>[\/vc_message][vc_custom_heading text=&#8221;Perch\u00e8 scegliere i prodotti delle aziende presenti su #Oltrepoacasatua&#8221; font_container=&#8221;tag:h2|text_align:center|color:%232b7abf&#8221; use_theme_fonts=&#8221;yes&#8221;][vc_message color=&#8221;success&#8221; message_box_style=&#8221;outline&#8221; message_box_color=&#8221;success&#8221; icon_fontawesome=&#8221;fas fa-check&#8221;]<strong>Perch\u00e8 acquisti direttamente dal produttore, entrando virtualmente nella sua cantina, nella sua azienda, nel suo negozio senza intermediari<\/strong>[\/vc_message][vc_message color=&#8221;success&#8221; message_box_style=&#8221;outline&#8221; message_box_color=&#8221;success&#8221; icon_fontawesome=&#8221;fas fa-check&#8221;]<strong>Perch\u00e8 l&#8217;Oltrep\u00f2 Pavese \u00e8 la prima zona di produzione della Lombardia, perch\u00e8 l&#8217;Oltrep\u00f2 Pavese \u00e8 il Salame di Varzi, i formaggi delle Valli, le Ciambelle di Staghilione, il miele e tantissimi altri prodotti&#8230;<\/strong>[\/vc_message][vc_message color=&#8221;success&#8221; message_box_style=&#8221;outline&#8221; message_box_color=&#8221;success&#8221; icon_fontawesome=&#8221;fas fa-check&#8221;]<strong>Perch\u00e8 l&#8217;Oltrep\u00f2 Pavese non vuole farsi dimenticare&#8230; da Milano, dalla Lombardia, dall&#8217;intero Bel Paese!<\/strong>[\/vc_message][\/vc_column][\/vc_row]<\/p>\n","protected":false},"excerpt":{"rendered":"<p>[vc_row][vc_column][\/vc_column][\/vc_row][vc_row][vc_column][vc_custom_heading text=&#8221;Benvenuto sull&#8217;E-Shop Oltrepoacasatua&#8221; font_container=&#8221;tag:h2|text_align:center&#8221; use_theme_fonts=&#8221;yes&#8221;][vc_custom_heading text=&#8221;Scegli al vetrina ed inizia i tuoi acquisti&#8230;&#8221; font_container=&#8221;tag:h3|text_align:center&#8221; use_theme_fonts=&#8221;yes&#8221;][vc_custom_heading text=&#8221;Grazie, la tua richiesta di iscrizione ha avuto successo! Il codice coupon sconto del 10% spendibile su Oltrepoacasatua.it \u00e8 oltrepo2023 &#8211; il coupon \u00e8 valido per tutte le cantine sino al 31.12.2023&#8221; font_container=&#8221;tag:h3|text_align:center&#8221; use_theme_fonts=&#8221;yes&#8221;][vc_row_inner][vc_column_inner width=&#8221;1\/4&#8243;][vc_single_image image=&#8221;414&#8243; img_size=&#8221;full&#8221; alignment=&#8221;center&#8221; onclick=&#8221;custom_link&#8221;&hellip;<\/p>\n","protected":false},"author":2,"featured_media":0,"parent":0,"menu_order":0,"comment_status":"closed","ping_status":"closed","template":"template-full-width.php","meta":[],"jetpack_sharing_enabled":true,"jetpack_likes_enabled":true,"_links":{"self":[{"href":"https:\/\/oltrepoacasatua.it\/index.php\/wp-json\/wp\/v2\/pages\/426"}],"collection":[{"href":"https:\/\/oltrepoacasatua.it\/index.php\/wp-json\/wp\/v2\/pages"}],"about":[{"href":"https:\/\/oltrepoacasatua.it\/index.php\/wp-json\/wp\/v2\/types\/page"}],"author":[{"embeddable":true,"href":"https:\/\/oltrepoacasatua.it\/index.php\/wp-json\/wp\/v2\/users\/2"}],"replies":[{"embeddable":true,"href":"https:\/\/oltrepoacasatua.it\/index.php\/wp-json\/wp\/v2\/comments?post=426"}],"version-history":[{"count":2,"href":"https:\/\/oltrepoacasatua.it\/index.php\/wp-json\/wp\/v2\/pages\/426\/revisions"}],"predecessor-version":[{"id":428,"href":"https:\/\/oltrepoacasatua.it\/index.php\/wp-json\/wp\/v2\/pages\/426\/revisions\/428"}],"wp:attachment":[{"href":"https:\/\/oltrepoacasatua.it\/index.php\/wp-json\/wp\/v2\/media?parent=426"}],"curies":[{"name":"wp","href":"https:\/\/api.w.org\/{rel}","templated":true}]}}