{"id":234,"date":"2020-05-12T07:41:18","date_gmt":"2020-05-12T07:41:18","guid":{"rendered":"https:\/\/oltrepoacasatua.it\/?page_id=234"},"modified":"2020-07-21T08:32:02","modified_gmt":"2020-07-21T08:32:02","slug":"vini-e-vitigni-oltrepo-pavese","status":"publish","type":"page","link":"https:\/\/oltrepoacasatua.it\/index.php\/vini-e-vitigni-oltrepo-pavese\/","title":{"rendered":"Vini e Vitigni dell&#8217;Oltrep\u00f2 Pavese &#8211; Prima risorsa agroalimentare del territorio"},"content":{"rendered":"<div id=\"fb-root\"><\/div>\n<p>[vc_row][vc_column][vc_custom_heading text=&#8221;Vini e Vitigni dell\u2019Oltrep\u00f2 Pavese \u2013 Prima risorsa agroalimentare del territorio&#8221; font_container=&#8221;tag:h2|text_align:center&#8221; use_theme_fonts=&#8221;yes&#8221;][vc_column_text]<\/p>\n<p style=\"text-align: justify;\">La provincia di Pavia non \u00e8 solo pianura, risaie e frumento. Basta portare lo sguardo a sud di Pavia, oltre il Grande Fiume e le colline morbide e armoniose promettono da sempre molto altro, promessa di una zona vitivinicola storica e suggestiva, un &#8220;grappolo&#8221; di territorio che si chiama Oltrep\u00f2 Pavese e che afferma la sua leadership anche a livello regionale. Qui si produce una vasta gamma di vini di alta qualit\u00e0 e di sicura origine, un origine storica che nel lontano 40 a.C. Plinio e Strabone, al seguito di una legione romana, descrivevano come &#8220;vino buono, popolo ospitale e botti in legno molto grandi&#8221;.<\/p>\n<p style=\"text-align: justify;\">13.500 ettari di vigneto, il 45\u00b0 parallelo che attraversa l&#8217;Oltrep\u00f2 da est a ovest come in Bordeaux, Napa Valley e Georgia, il Pinot Nero che posiziona l&#8217;Oltrep\u00f2 Pavese come prima zona di produzione in Italia e terza nel mondo, una gamma completa di vini che soddisfa ogni abbinamento enogastronomico dall&#8217;antipasto al dolce, questo potrebbe bastare per raccontare l&#8217;Oltrep\u00f2 Pavese dal punto di vista vitivinicolo ma c&#8217;\u00e8 ancora un&#8217;aspetto che non possiamo trascurare, il Metodo Classico, un tempo detto anche Metodo Champenoise, che nasce proprio in Oltrep\u00f2 nel &#8216;800 da produttori illuminati come i Conti di Giorgi di Vistarino a Rocca De&#8217; Giorgi, all&#8217;inizio del &#8216;900 con l&#8217;Ing. Ballabio a Casteggio e che l&#8217;intuito del Duca Denari port\u00f2 nel mondo con il Marchio La Versa negli anni &#8217;70.<\/p>\n<p style=\"text-align: justify;\">Una storia importante che il territorio ha spesso trascurato ma che nell&#8217;ultimo decennio \u00e8 stata riscoperta da diversi produttori che partendo proprio dalla cura dei vigneti, dalla qualit\u00e0 delle uve, hanno elevato notevolmente la qualit\u00e0 dei vini prodotti, produttori hanno ammodernato e orientato la produzione verso spumanti e vini di qualit\u00e0, costruendo un brand aziendale importante, facendo cos\u00ec dell&#8217;Oltrep\u00f2 Pavese un&#8217;attrattiva per winelovers e appassionati di vino, iniziando a sviluppare anche l&#8217;accoglienza legata all&#8217;enoturismo, facendo cos\u00ec diventare la produzione del vino un&#8217;esperienza che inizia dalla vigna per concludersi nel prodotto in bottiglia, enoturismo che \u00e8 stata la fortuna, anche economica di altri territori similari.<\/p>\n<p>[\/vc_column_text][vc_empty_space][\/vc_column][\/vc_row][vc_row][vc_column][vc_row_inner][vc_column_inner width=&#8221;1\/2&#8243;][vc_single_image image=&#8221;237&#8243; img_size=&#8221;full&#8221; alignment=&#8221;center&#8221;][\/vc_column_inner][vc_column_inner width=&#8221;1\/2&#8243;][vc_custom_heading text=&#8221;Il Pinot Nero, base per Spumanti Metodo Classico e Metodo Martinotti&#8221; use_theme_fonts=&#8221;yes&#8221;][vc_column_text]<a href=\"https:\/\/oltrepoacasatua.it\/index.php\/pinot-nero-base-spumante\/\"><strong>SCOPRI IL PINOT NERO<\/strong><\/a>[\/vc_column_text][\/vc_column_inner][\/vc_row_inner][\/vc_column][\/vc_row][vc_row][vc_column][vc_images_carousel images=&#8221;332,323,289,255,303,204,187,163,153,145,146&#8243; img_size=&#8221;full&#8221; onclick=&#8221;custom_link&#8221; custom_links_target=&#8221;_blank&#8221; slides_per_view=&#8221;4&#8243; autoplay=&#8221;yes&#8221; wrap=&#8221;yes&#8221; title=&#8221;Abbiamo selezionato per il tuo shopping&#8230;&#8221; custom_links=&#8221;#E-8_aHR0cHMlM0ElMkYlMkZwaWNjaGl2aW5pLm9sdHJlcG9hY2FzYXR1YS5pdCUyRmluZGV4LnBocCUyRnByb2RvdHRvJTJGcGlub3QtbmVyby1leHRyYS1icnV0LW1ldG9kby1jbGFzc2ljbyUyRiUyQ2h0dHBzJTNBJTJGJTJGbGVmcmFjY2Uub2x0cmVwb2FjYXNhdHVhLml0JTJGaW5kZXgucGhwJTJGcHJvZG90dG8lMkZsYW5kby1yaWVzbGluZy1vbHRyZXBvLXBhdmVzZS1kb2Mtcmllc2xpbmclMkYlMkNodHRwcyUzQSUyRiUyRmNhc3RlbGRlbGx1cG8ub2x0cmVwb2FjYXNhdHVhLml0JTJGaW5kZXgucGhwJTJGcHJvZG90dG8lMkZib25hcmRhLWxhLWdpb2lvc2EtZC1vLXAtb2x0cmVwby1wYXZlc2UlMkYlMkNodHRwcyUzQSUyRiUyRmNhdmFsbGluaTE5MTkub2x0cmVwb2FjYXNhdHVhLml0JTJGaW5kZXgucGhwJTJGcHJvZG90dG8lMkZyb25jYWlvbG8tcm9zc28taS1nLXQlMkYlMkNodHRwcyUzQSUyRiUyRmxhY29zdGFpb2xhLm9sdHJlcG9hY2FzYXR1YS5pdCUyRmluZGV4LnBocCUyRnByb2RvdHRvJTJGbm92ZS1icnV0LW1ldG9kby1jbGFzc2ljby1icnV0JTJGJTJDaHR0cHMlM0ElMkYlMkZwZXJjaXZhbGxlLm9sdHJlcG9hY2FzYXR1YS5pdCUyRmluZGV4LnBocCUyRnByb2RvdHRvJTJGcXVhdHRvcmRpY2ltYXJ6byUyRiUyQ2h0dHBzJTNBJTJGJTJGdG9ycmV2aWxsYS5vbHRyZXBvYWNhc2F0dWEuaXQlMkZpbmRleC5waHAlMkZwcm9kb3R0byUyRnBpbm90LW5lcm8tYmlvLWQtby1wJTJGJTJDaHR0cHMlM0ElMkYlMkZpc2ltYmFyZGEub2x0cmVwb2FjYXNhdHVhLml0JTJGaW5kZXgucGhwJTJGcHJvZG90dG8lMkZ2aWduYS1tYXJ0aW5hLXJpZXNsaW5nLW9sdHJlcG8tcGF2ZXNlJTJGJTJDaHR0cHMlM0ElMkYlMkZmaW5pZ2V0by5vbHRyZXBvYWNhc2F0dWEuaXQlMkZpbmRleC5waHAlMkZwcm9kb3R0byUyRmxvLXNwYXZhbmRvLXJpZXNsaW5nLXJlbmFuby1maW5pZ2V0byUyRiUyQ2h0dHBzJTNBJTJGJTJGcHJpbWVhbHR1cmUub2x0cmVwb2FjYXNhdHVhLml0JTJGaW5kZXgucGhwJTJGcHJvZG90dG8lMkZib3Jkby1ib3Njby1waW5vdC1uZXJvJTJGJTJDaHR0cHMlM0ElMkYlMkZ0ZW51dGFib3Jnb2xhbm8ub2x0cmVwb2FjYXNhdHVhLml0JTJGaW5kZXgucGhwJTJGcHJvZG90dG8lMkZkZWthbWVyb24tYnV0dGFmdW9jby1vbHRyZXBvLXBhdmVzZS1kLW8tYyUyRg==&#8221;][\/vc_column][\/vc_row]<\/p>\n","protected":false},"excerpt":{"rendered":"<p>[vc_row][vc_column][vc_custom_heading text=&#8221;Vini e Vitigni dell\u2019Oltrep\u00f2 Pavese \u2013 Prima risorsa agroalimentare del territorio&#8221; font_container=&#8221;tag:h2|text_align:center&#8221; use_theme_fonts=&#8221;yes&#8221;][vc_column_text] La provincia di Pavia non \u00e8 solo pianura, risaie e frumento. Basta portare lo sguardo a sud di Pavia, oltre il Grande Fiume e le colline morbide e armoniose promettono da sempre molto altro, promessa di una zona vitivinicola storica e&hellip;<\/p>\n","protected":false},"author":1,"featured_media":0,"parent":0,"menu_order":0,"comment_status":"closed","ping_status":"closed","template":"","meta":[],"jetpack_sharing_enabled":true,"jetpack_likes_enabled":true,"_links":{"self":[{"href":"https:\/\/oltrepoacasatua.it\/index.php\/wp-json\/wp\/v2\/pages\/234"}],"collection":[{"href":"https:\/\/oltrepoacasatua.it\/index.php\/wp-json\/wp\/v2\/pages"}],"about":[{"href":"https:\/\/oltrepoacasatua.it\/index.php\/wp-json\/wp\/v2\/types\/page"}],"author":[{"embeddable":true,"href":"https:\/\/oltrepoacasatua.it\/index.php\/wp-json\/wp\/v2\/users\/1"}],"replies":[{"embeddable":true,"href":"https:\/\/oltrepoacasatua.it\/index.php\/wp-json\/wp\/v2\/comments?post=234"}],"version-history":[{"count":11,"href":"https:\/\/oltrepoacasatua.it\/index.php\/wp-json\/wp\/v2\/pages\/234\/revisions"}],"predecessor-version":[{"id":335,"href":"https:\/\/oltrepoacasatua.it\/index.php\/wp-json\/wp\/v2\/pages\/234\/revisions\/335"}],"wp:attachment":[{"href":"https:\/\/oltrepoacasatua.it\/index.php\/wp-json\/wp\/v2\/media?parent=234"}],"curies":[{"name":"wp","href":"https:\/\/api.w.org\/{rel}","templated":true}]}}